{"id":104,"date":"2016-11-29T10:34:19","date_gmt":"2016-11-29T10:34:19","guid":{"rendered":"http:\/\/beson.generationdesign.com\/?page_id=104"},"modified":"2017-02-12T19:39:32","modified_gmt":"2017-02-12T19:39:32","slug":"text","status":"publish","type":"page","link":"https:\/\/www.beson.info\/index.php\/messtechnik\/heizkostenverteiler\/text\/","title":{"rendered":"Text"},"content":{"rendered":"<p><strong>H\u00f6chste Qualit\u00e4t individuell auf die Kundenbed\u00fcrfnisse abgestimmt.<br \/>\n<\/strong><br \/>\nDer Heizkostenverteiler ist das Messger\u00e4t, das schon seit sehr vielen Jahren seine Leistungsf\u00e4higkeit bewiesen hat.<br \/>\nKosteng\u00fcnstig, langlebig und effizient.<\/p>\n<p>BESON bietet ausschlie\u00dflich elektronische Heizostenverteiler neuester Bauart an. Unsere Ger\u00e4te zeichnen sich insbesondere durch folgende Charakteristiken aus:<\/p>\n<ul>\n<li>Bestimmung der W\u00e4rmeabgabe anhand der Messung der Heizk\u00f6rpertemperatur<\/li>\n<li>Kumulieren des Verbrauchs seit dem letzten Stichtag (akt. Anzeige nullt am Stichtag)<\/li>\n<li>Letzte 18 Monatsendwerte, vereinfacht<\/li>\n<li>Ablesung der Verbrauchswerte bei Nutzerwechsel<\/li>\n<li>Speichern des Verbrauchs am Stichtag<\/li>\n<li>Selbst\u00fcberwachung mit Fehleranzeige<\/li>\n<li>Kontrollzahl zur Briefablesung des aktuellen Wertes und des Stichtagswertes<\/li>\n<\/ul>\n<p>BESON f\u00fchrt die fachgerechte Montage mit eigene Monteuren, sowie die professionelle Ermittlung der entsprechenden Korrekturfaktoren mittels der eigenen, st\u00e4ndig aktualisierten Heizk\u00f6rperdatenbank durch.<\/p>\n<p><span style=\"color: #ff770e;\"><strong>F\u00fcr alle Typen, Gr\u00f6\u00dfen und Klassen und Heizk\u00f6rper<\/strong><br \/>\n<\/span><br \/>\nHeizkostenverteiler sind f\u00fcr fast alle Typen von Heizk\u00f6rpern einsetzbar, ob Gliederheizk\u00f6rper (Radiatoren), R\u00f6hrenradiatoren, Plattenheizk\u00f6rper mit waagerechter sowie senkrechter Wasserf\u00fchrung oder Rohrregister-Heizk\u00f6rper. Unser erfahrenes Vertriebspersonal ber\u00e4t Sie gerne in allen Fragen und unterbreitet Ihnen ein unverbindliches Angebot.<\/p>\n","protected":false},"excerpt":{"rendered":"<p>H\u00f6chste Qualit\u00e4t individuell auf die Kundenbed\u00fcrfnisse abgestimmt. Der Heizkostenverteiler ist das Messger\u00e4t, das schon seit sehr vielen Jahren seine Leistungsf\u00e4higkeit bewiesen hat. Kosteng\u00fcnstig, langlebig und effizient. BESON bietet ausschlie\u00dflich elektronische Heizostenverteiler neuester Bauart an. Unsere Ger\u00e4te zeichnen sich insbesondere durch folgende Charakteristiken aus: Bestimmung der W\u00e4rmeabgabe anhand der Messung der Heizk\u00f6rpertemperatur Kumulieren des Verbrauchs seit [&hellip;]<\/p>\n","protected":false},"author":1,"featured_media":0,"parent":101,"menu_order":1,"comment_status":"closed","ping_status":"closed","template":"include\/messtechnik.php","meta":[],"_links":{"self":[{"href":"https:\/\/www.beson.info\/index.php\/wp-json\/wp\/v2\/pages\/104"}],"collection":[{"href":"https:\/\/www.beson.info\/index.php\/wp-json\/wp\/v2\/pages"}],"about":[{"href":"https:\/\/www.beson.info\/index.php\/wp-json\/wp\/v2\/types\/page"}],"author":[{"embeddable":true,"href":"https:\/\/www.beson.info\/index.php\/wp-json\/wp\/v2\/users\/1"}],"replies":[{"embeddable":true,"href":"https:\/\/www.beson.info\/index.php\/wp-json\/wp\/v2\/comments?post=104"}],"version-history":[{"count":3,"href":"https:\/\/www.beson.info\/index.php\/wp-json\/wp\/v2\/pages\/104\/revisions"}],"predecessor-version":[{"id":1344,"href":"https:\/\/www.beson.info\/index.php\/wp-json\/wp\/v2\/pages\/104\/revisions\/1344"}],"up":[{"embeddable":true,"href":"https:\/\/www.beson.info\/index.php\/wp-json\/wp\/v2\/pages\/101"}],"wp:attachment":[{"href":"https:\/\/www.beson.info\/index.php\/wp-json\/wp\/v2\/media?parent=104"}],"curies":[{"name":"wp","href":"https:\/\/api.w.org\/{rel}","templated":true}]}}